 = -6 - 3 + 2*t**c + f - 4*t - t**2. Calculate u(5).
-2
Let z(d) = 2*d**2 - 3. Let q be ((-20)/(-30))/((-3)/(-63)). Suppose q + 16 = 10*y. Calculate z(y).
15
Let g(j) = j**3 + 2*j**2 - 3*j. Let d be (-4)/(-40) + 51/(-10). Let z = 6 - 8. Let o be 1*z/5*d. Calculate g(o).
10
Let z(t) = -t**3 - 7*t**2 + 9*t + 1. Let y be -149 + (5 - 0 - 4)*1. Let o = y + 140. Calculate z(o).
-7
Let i(z) = z**3 - 21*z**2 - 46*z + 19. Let n be (-207)/12*(-9)/((-513)/(-76)). Give i(n).
19
Let i = 229 + -224. Suppose -3*k + 22 = 3*y + 7, 0 = -i*k + 3*y - 7. Let m(t) be the first derivative of t**4/2 + t**2 - t - 1. Calculate m(k).
3
Let p(m) = -m**3 - 14*m**2 - 13*m - 7. Let v be 174/(-14) - (-58)/(-203)*2. Calculate p(v).
-7
Let a(x) = -6*x**3 - 49*x**2 + 2*x + 83. Let y be a(-8). Let g(s) = -s**3 + 4*s**2 - 12. What is g(y)?
-3
Let h(m) = -4*m + 48. Let p(z) = -z**2 - 47*z - 200. Let t be p(-5). Calculate h(t).
8
Let r be 45/6*1*214. Let k(m) = 3 - r*m**2 + 30*m - 36*m + 1606*m**2. Let z be 4/6*30/4. Give k(z).
-2
Let f(r) = -r**3 - 3*r**2 + 7*r + 5. Let s be f(-4). Let y(j) be the first derivative of j**4/4 + 2*j**3 - 3*j**2 - j - 27. Give y(s).
-8
Suppose q - 38 = 5*o, 2*q - 26 - 30 = 5*o. Suppose q*m - 15*m - 3 = 0. Let d(l) be the third derivative of 7*l**4/24 - 2*l**2. Calculate d(m).
7
Let b(o) = o**3 + 3*o**2 + 2*o + 1. Let p = 51 + -42. Let z(q) = -q**3 + 10*q**2 - 9*q + 8. Let j be z(p). Suppose j*d + 1 = -15. What is b(d)?
1
Let f(a) = 34 - 43 + 4 + 67 + a**2 - 20*a + 5*a. What is f(5)?
12
Let a(g) = -14*g + g**2 + g**2 + 18*g - 19*g + 3*g**2 - 82. Give a(6).
8
Let u be (14/(-10))/((-5)/25). Let s(h) = -26 - 25 - 30 + u*h + 76 - h. Calculate s(6).
31
Let u(k) = k**2 + 15*k - 33. Suppose 5*w + 4*a + 77 = 0, 13 + 10 = -w + 3*a. Determine u(w).
1
Let b(q) = q - 29. Let m be 12*-1*(-9)/12 + 1. Let l be b(m). Let y = -19 - l. Let x(a) = -a**2 - 8. Determine x(y).
-8
Let h(b) = 5*b**3 + 7*b**2 - 8*b + 3. Let w(g) = -7*g**3 - 8*g**2 + 9*g - 4. Let u(i) = -3*h(i) - 2*w(i). Suppose 9*y + 41 = -4. What is u(y)?
-31
Let l be 10*118/28 - 22/154. Suppose -6*x - l = x. Let k(u) = 31*u**2 - 3*u + 7. Let d(j) = 17*j**2 - j + 4. Let r(a) = 11*d(a) - 6*k(a). Calculate r(x).
-4
Let y be 4/(-30)*-3 - 176/(-10). Suppose -y*r = -19*r + 4. Let m(i) = -5 + 1481*i**3 + 4 - 4*i - 4*i**2 - 1480*i**3. What is m(r)?
-17
Let h(t) = -t**2 + 8*t - 6. Let v(x) = 9*x - 6. Let p(f) = -3*h(f) + 2*v(f). Let o be (1 + -1 + (-36)/(-45))*5. Determine p(o).
30
Let g = -16 + 22. Let a be 3/g - 5/(-2). Let u(o) be the first derivative of -o**2/2 + 7*o - 43. What is u(a)?
4
Suppose -5*f - 18 = -3*s - 46, 5*f = 4*s + 34. Suppose -n + 4*n = 24. Let c(j) = -f*j - 2*j - j**2 + 7*j + n*j. Calculate c(10).
10
Let s(n) = 1364*n**2 - 3 - 15*n - 3 - 8 - 1355*n**2 - 46*n. Calculate s(7).
0
Let m be 14/20 - (-17)/(-2125)*25. Let n(i) be the first derivative of -1/4*i**4 - m*i**2 - 4*i + 13 + 2*i**3. Give n(6).
-10
Let o(r) be the third derivative of 0*r + 0 + r**2 - 1/2*r**3 - 1/4*r**4. Calculate o(-3).
15
Let i be (2 - 0)/((-67)/(-201)). Let x(t) = -t**3 + 10*t**2 - 21*t - 8. Calculate x(i).
10
Let x(t) = -2 - 7 + 0 + t - 2*t - 3*t**2 + 4*t**2. Let w be (-204)/8*2/(-3). Let j = -17 + w. Calculate x(j).
-9
Let s(o) = -11*o**3 + 2*o**2 - 7*o + 4. Let h(v) = -v**3 - 3*v + 2. Let f(r) = -2*h(r) + s(r). Give f(1).
-8
Let u = -3999 - -3991. Let s(l) = -l**2 - 11*l - 36. What is s(u)?
-12
Let k(q) = -q**2 + 13. Let t = -2260 + 2243. Let a = -33 - -16. Let x = a - t. Give k(x).
13
Let f(b) = 16*b - 13. Let l(g) = 65*g - 51. Let h(t) = -9*f(t) + 2*l(t). Determine h(-5).
85
Let j(b) be the second derivative of b**4/12 - 8*b**3/3 + 33*b**2 - 67*b. Let n be j(7). Let w(y) = y**3 - y**2. What is w(n)?
18
Let q(s) = s + 1. Let c = 120 + 4. Suppose c = 29*h - 137. Give q(h).
10
Let q(m) = 6*m + 32. Suppose 2131 - 2115 = -2*c. Calculate q(c).
-16
Suppose 56 - 47 = 3*d. Let f(b) = -d - b - 8*b**2 - 457*b**3 + 458*b**3 - 2*b - 6*b. What is f(9)?
-3
Let b(r) = 4*r**2 - 105*r + 663. Let z be b(16). Let g(y) = -y**2 + 3*y + 34. Determine g(z).
6
Let b(y) be the first derivative of -13*y**2/2 - 25*y + 488. Calculate b(-3).
14
Suppose 27*t = 40*t - 78. Let l be 1/t*(2 + -10)*3. Let r(u) = u**2 + 4*u + 5. Determine r(l).
5
Let i(n) = 48*n - 776. Let z be i(16). Let y(h) = h**2 + 10*h - 6. What is y(z)?
-22
Let j(k) = -26*k + 2. Let d = -495 - -498. Let t(r) = -11*r + 1. Let b(g) = d*j(g) - 7*t(g). Calculate b(4).
-5
Let h be (9/6)/(3/(-676)). Let f = -337 - h. Let t(w) = 75*w**2 - 13*w + 3. Let o(l) = -25*l**2 + 4*l - 1. Let x(y) = -7*o(y) - 2*t(y). Determine x(f).
24
Let s(t) = -t**3 - 4*t**2 - 10*t + 150. Let k(q) = q**2 + 2*q. Let d(c) = -5*k(c) - s(c). What is d(0)?
-150
Let p(s) be the second derivative of 0*s**2 - 13/4*s**4 + 0 + 1/6*s**3 - 15*s. Give p(1).
-38
Let v(u) = -2*u**2 + 13*u + 9. Let t(b) = 71*b + 504. Let w be t(-7). What is v(w)?
2
Let u = 157 + -75. Let o = u - 77. Let l(s) = -s**3 + 6*s**2 - 4*s - 4. Determine l(o).
1
Suppose -n + 2*v = -0*n - 233, 2*n + 4*v = 458. Let f = n + -234. Let j(m) = m**2 - m - 1. Calculate j(f).
11
Let a(f) be the second derivative of f**4/6 - 8*f**3/3 + 5*f**2 + 26*f + 2. Let c be (-2)/1*((-187)/(-22) - 12). Give a(c).
-4
Suppose 2*q + 5*u - 25 = 0, q - 4*u + 7 = -0. Let x be (-7 - -8)/(3 + (-8)/3). Let l(c) = 0*c + 24*c**2 + 0*c**x - 5*c - c**3 - 18*c**2 + 5. Calculate l(q).
5
Let a(k) = -133*k - 4 + 12 + 34 + 11 - 15 - 41*k**2 + k**3. Calculate a(44).
-6
Let n = -31929 + 31922. Let t(h) = -2*h**2 - 12. What is t(n)?
-110
Let f(q) be the third derivative of -q**5/60 - 31*q**4/24 - 7*q**3 - 19*q**2 - 2. Let r be f(-30). Let o be 16/(-6)*(-18)/r. Let u(h) = -6*h - 6. Give u(o).
18
Let w(i) = -i**3 - i**2 - i + 1. Suppose -2*c = -2*l - 8, 3*c - 12 = -2*c - 3*l. Suppose 2*m - 5 + 13 = 0, 3*f - m + 5 = 0. Let y be (f*(-4 + c))/3. Give w(y).
-2
Let l = -38 - -27. Let h(u) = 11 - 585*u**3 + 586*u**3 + 5*u**2 + 6*u**2 + u. Give h(l).
0
Let r(l) = 46*l + 108. Let o be r(-21). Let t = o - -855. Let v(y) be the first derivative of -3*y**2/2 + 2*y + 1. Give v(t).
11
Let m(y) be the first derivative of -3*y**3 + 0*y**2 + 1/120*y**5 + 11 - 1/8*y**4 + 0*y. Let f(u) be the third derivative of m(u). Determine f(2).
-1
Let j(a) be the third derivative of -a**5/60 + a**4/12 + 35*a**3 - 13*a**2 + 44*a. Determine j(-13).
15
Let f(m) = -m - 2. Let u be f(-11). Let w(j) = 10*j**2 + 10 - 3*j**3 + 12*j + 2*j**3 - 43*j + 22*j. Calculate w(u).
10
Let v(t) = -45 + 187 + 74*t + 155 - 67*t. Determine v(-41).
10
Let z(x) = -8*x**2 - x - 2. Let h(l) = -l**3 + 25*l**2 - 4*l - 1. Let v(y) = -h(y) - 4*z(y). Let f = -2 + 3. Let w = f + -7. What is v(w)?
-3
Suppose 29 + 19 = 16*h. Let w(n) = 6 - n**3 + 4*n**2 + 4*n - 3 - h + n + 7. Let o be 74/14 - (-2)/(-7). Determine w(o).
7
Let g(p) be the third derivative of -1/60*p**5 + 1/360*p**6 + 0*p + 5/6*p**4 - 29*p**2 + 0 + 0*p**3. Let k(a) be the second derivative of g(a). Calculate k(-7).
-16
Let z(h) = 5*h - 18. Let q(c) = 99 - 3*c + 2*c + 99 - 193. Let w(m) = 9*q(m) + 2*z(m). Calculate w(-9).
0
Let b(g) = -20*g**3 - 17*g**2 - 59*g + 47. Let m(t) = 3*t**3 + 3*t**2 + 9*t - 8. Let n(s) = 2*b(s) + 13*m(s). Calculate n(5).
-15
Let x be ((-3)/(-1) + -2)*(5 + -2). Let u be (-3)/15*x*5 - 2. Let n(f) = f + 8. Give n(u).
3
Let m(p) be the first derivative of p**6/360 - p**5/120 - 5*p**4/12 + 37*p**3/3 - p**2/2 - 225. Let o(z) be the third derivative of m(z). Calculate o(5).
10
Let x(g) = g**3 - 32*g**2 - 266*g - 268. Let c be x(39). Let t(k) = k**3 - 5*k**2 + 18*k - 92. What is t(c)?
-2
Let q(x) = -2*x**2 - 3*x + 3. Suppose 22 = 2*d + 5*g, 4*d + d = -4*g + 21. What is q(d)?
-2
Let p(z) = -2*z**3 + 32*z**2 - 26*z - 17. Let k be p(15). Let t(a) = 4*a + 76 - 34 - k. Suppose -4*j + 2*h = j - 7, 3*j = -2*h + 17. What is t(j)?
11
Let t = -100 - -105. Let v(g) = -16 - 2*g**2 - 8*g - g**2 + t*g**2 + 17 - g**2. What is v(4)?
-15
Let c(w) be the third derivative of w**4/12 + 16*w**3/3 + 5778*w**2. Give c(-15).
2
Let l(t) = -2*t - 2. Let r = 58 - 33. Let j = -19 + r. Suppose c - 25 = j*c. Give l(c).
8
Let u(b) = 1 - 80*b + 74*b + 18. Let t(o) = -7*o + 19. Let y(r) = -4*t(r) + 5*u(r). What is y(8)?
3
Let f(i) = -3*i**2 + 3*i - 12. Let z = -7993 + 7995. Calculate f(z).
-18
Let i(q) = 2*